Suppose -2*s + 2*f = -18, s - 5*s - 3*f = -8. What is the remainder when 14 is divided by s?
4
Let m be ((-1872)/(-56))/((-2)/14). Let a be 1/(-2) - m/12. Suppose -17*s + a*s = 76. What is the remainder when s is divided by 21?
17
Calculate the remainder when 92 is divided by ((-6)/(-9))/(((-20)/144)/(-5)).
20
Suppose -3*l + 4*m = -292 - 175, 4*l = -3*m + 656. Suppose -5*p = -51 + l. What is the remainder when 40 is divided by (p + 1)/((-2)/2)?
19
Suppose -1 = 4*p - 21, -5*p - 3 = -4*x. Let n = 228 - 180. Calculate the remainder when n is divided by x.
6
Suppose 5*o = 3*m - m, 0 = o - 5*m + 23. Let x(j) = -j**3 - 3*j**2 + 2*j - 1. Let h be (-21)/6 - (10/4 + -2). Calculate the remainder when x(h) is divided by o.
1
Let w = -29 + 32. Calculate the remainder when 15/(-10)*(-26)/w is divided by (-2)/(-5) - 76/(-10).
5
Calculate the remainder when 81 is divided by (25 + -1 - 3) + -4.
13
Suppose 3*b - 22 = 14. Let u = -8 + b. Suppose -7*g + 24 = -g. Calculate the remainder when u is divided by g.
0
Suppose 0 = p - 3*m - 78, 0 = -3*p - p - m + 299. Suppose 45*v - 38*v = 182. Calculate the remainder when p is divided by v.
23
Let p(f) = -f. Let t be (-2)/(-18) + (-300)/27. What is the remainder when 53 is divided by p(t)?
9
Suppose -10*s = -564 + 4. Calculate the remainder when 159 is divided by s.
47
Let i = 728 + -325. Calculate the remainder when i is divided by 78.
13
Suppose -14*z + 73 = -95. What is the remainder when 116 is divided by z?
8
Let l(k) = k**2 + k + 2. Let f(q) = -5*q**2 - 17*q - 13. Let x(y) = -f(y) - 6*l(y). Calculate the remainder when x(7) is divided by 10.
9
Let g(y) = -y**3 - 4*y**2 - y - 22. Suppose 20*t = 25*t + 35. Calculate the remainder when g(t) is divided by 5.
2
Let m(f) = f**3 - 39*f**2 + 59*f - 781. What is the remainder when m(38) is divided by 5/(-2 + 1 - -2)?
2
Let r(g) = g**2 - 7*g + 9. Let n be r(4). Calculate the remainder when 3 is divided by n/(-5) + (-8)/(-20).
0
Let j = -184 - -198. What is the remainder when 39 is divided by j?
11
Let r(z) = -z**2 + 6*z + 2. Let k be r(6). Calculate the remainder when 6/9*k*519/4 is divided by 44.
41
Suppose -20 + 30 = -5*n. Calculate the remainder when (394/3)/(n*(-5)/15) is divided by 22.
21
Suppose -3*a - a + 10 = 2*g, -8 = -4*a - 4*g. Calculate the remainder when (6/8)/(a/312) is divided by 20.
18
Let j(r) = r**3 + 3*r**2 + r + 3. Let z be j(-3). Suppose z*p = 2*p + 5*i + 6, i = -4*p + 24. Calculate the remainder when 19 is divided by p.
5
Suppose 2*k - 3*k + 744 = 0. Calculate the remainder when k/9 + (-2)/(-6) is divided by 14.
13
Let a = -15 + -95. Let z = a + 164. Suppose 5*l - z = -l. Calculate the remainder when 35 is divided by l.
8
Let k = -80 - -100. Let g = -33 - 44. Calculate the remainder when -1 + 0 + (2 - g) is divided by k.
18
Let l = -505 + 748. Calculate the remainder when l is divided by 35.
33
Suppose -248 = 3*y - 254. Calculate the remainder when 43 is divided by y.
1
Let p be (-3 - 2)*-4*(-1)/2. Let v = p - -28. Calculate the remainder when 160 is divided by v.
16
What is the remainder when 167 is divided by 39 - ((-6)/(-15))/((-4)/(-20))?
19
Let h be (-4)/(-8)*704/(-2). Let p be (h/48)/((-1)/6). Let s = p - 10. Calculate the remainder when s is divided by 7.
5
Let s = 1 - -9. Suppose 44 - 12 = 4*q. Calculate the remainder when s is divided by q.
2
Suppose -21*q = -19*q - 5*s - 85, 3*q = -2*s + 156. What is the remainder when q is divided by 15?
5
Let b(x) = 19*x**2. What is the remainder when b(3) is divided by 25?
21
Let i(x) = -x**3 - x**2 + x + 13. Suppose 0 = g + 2, -o - 3*g - 30 = o. Let a = 49 + o. What is the remainder when a is divided by i(0)?
11
Let h be 3228/(-21) + (-5)/(105/6). Let v = h - -175. What is the remainder when 83 is divided by v?
20
Let r be (-395)/(-20) - (-12)/(-16). Suppose q - 7 - r = 0. What is the remainder when 76 is divided by q?
24
Suppose -z - 3*u = -8*u - 12, -u = 5*z - 60. Suppose h = 6*h. Suppose h = -5*d + 102 + 123. What is the remainder when d is divided by z?
9
Let u(d) = -2*d - 18. Suppose -6*i = -i + 60. Let z be u(i). Let j = z + 21. Calculate the remainder when j is divided by 7.
6
Suppose -3*i = -4*v - 17, -4*i + 8 = -4*v - 4. Let d(w) = -2*w**3 - 17*w**2 - 16*w - 11. Let l = 16 - -2. Calculate the remainder when d(v) is divided by l.
17
Let q = -193 - -152. Suppose -3*v + 2*v - 19 = 0. Let l = v - q. Calculate the remainder when l is divided by 8.
6
Let z(y) = -y**3 - 12*y**2 + 12*y + 2. Let c(j) = j**3 + 10*j**2 + 7*j - 8. Let i be c(-8). Let w = i - 36. Calculate the remainder when w is divided by z(-13).
13
Suppose -3*s - 125 = 2*m - 490, -5*m + 610 = 5*s. Let t = -109 + s. What is the remainder when 34 is divided by t?
10
Let g(k) = -7*k**3 - k**2 - k - 1. Suppose 0 = -5*r - 25, r = m + 2*m - 2. Let z be g(m). Calculate the remainder when (8/10)/(z/15) is divided by 2.
0
Suppose -4*m = -6*r + 3*r + 451, -4*r + 3*m = -606. Calculate the remainder when r is divided by 40.
33
Let v = 7096 - 7041. Let f = -12 - -28. What is the remainder when v is divided by f?
7
Suppose -h = 6 + 1. Let s(q) = q**3 + 8*q**2 + 5*q + 1. Calculate the remainder when s(h) is divided by 4.
3
Suppose 3*g = -0*g. Suppose -4*r + 2*r + 8 = -4*y, 2*r - 5*y - 7 = g. What is the remainder when 22 is divided by r?
4
Suppose 5*h - 24 = 16. Suppose -5*k - 11*u + 6*u + 80 = 0, -u - 2 = 0. What is the remainder when k is divided by h?
2
Let a = 23 - 28. Calculate the remainder when 6 + a + 6*10*1 is divided by 16.
13
Let w(d) = d**2 + 5*d + 30. Calculate the remainder when 168 is divided by w(-8).
6
Suppose -5*q = 2*g - 18, q + 4*g - 9 - 9 = 0. Let s be (5 + -3)/(-1 - -2). What is the remainder when -1 + s + 4 - 2 is divided by q?
1
Let r(u) = -u**2 - 21*u - 66. What is the remainder when r(-12) is divided by 37?
5
Let u(l) = -l**3 - 2*l**2 - 6*l - 2. Suppose -64 = -29*i + 690. What is the remainder when u(-5) is divided by i?
25
Suppose 0 = -14*z + 21*z - 378. Calculate the remainder when 156 is divided by z.
48
Let y(d) = d**3 - 17*d**2 + 3*d + 230. Let m(j) = 2*j**2 + 5*j - 9. Let k be m(11). What is the remainder when (-30)/4*k/(-20) is divided by y(16)?
20
Suppose -5*d = -7*d - 192. Let s = d + 137. What is the remainder when s is divided by (-3)/(-9) + 68/3?
18
What is the remainder when 752 + (5 - 3)/(-1 + 3) is divided by 9?
6
Calculate the remainder when (-285)/(-9) - 100/150 is divided by 8.
7
Suppose -5*o - 6*o + 110 = 0. Calculate the remainder when 7 is divided by 4/((-8)/(-5))*8/o.
1
Let h(a) = 7*a + 72. Let j be h(0). Suppose 7*v - 103 = j. Suppose -22 - 70 = -2*s. What is the remainder when s is divided by v?
21
Let a(d) = 3*d**3 - 5*d**2 + 2*d - 8. Let u(o) = 16*o**3 - 26*o**2 + 11*o - 40. Let h(l) = 11*a(l) - 2*u(l). Calculate the remainder when 54 is divided by h(4).
6
Let u = 2067 + -1236. Calculate the remainder when u is divided by 6.
3
What is the remainder when 763 is divided by 1077/21 + ((-408)/56 - -7)?
49
Suppose -12 + 2 = -5*h. Suppose -3*g + 7*g - 116 = 3*z, 0 = -h*g + z + 56. What is the remainder when 77 is divided by g?
25
Let j(w) be the first derivative of w**3 + 3*w**2 + 4*w - 16. What is the remainder when j(-2) is divided by 3?
1
Let z(p) = p**3 - 5*p**2 - 14*p + 56. Let n = -71 + 102. What is the remainder when n is divided by z(6)?
7
Let s(c) = 33*c + 13. Let q be s(-4). Let t = 136 + q. Calculate the remainder when 95 is divided by t.
10
Suppose 0 = -7*a + 132 + 190. What is the remainder when 275 is divided by a?
45
Suppose z - 6 = 4*z. What is the remainder when 7 is divided by (-156)/(-91) + z/(-7) + 0?
1
Let y = 1117 + -1049. Calculate the remainder when 199 is divided by y.
63
Let u(j) = 2*j**2 - 7*j - 12. Suppose 2*m + 2*m = 80. What is the remainder when u(6) is divided by (75/m)/((-3)/(-8))?
8
Let y(l) = l**3 - 9*l**2 - 8*l - 6. Suppose 3*t - 26 = 4. What is the remainder when 68 is divided by y(t)?
12
What is the remainder when (386 + 9)*-3*8/(-30) is divided by 16?
12
Let d be -7 - (4 + -7) - 23. Let h = 31 + d. What is the remainder when 7 is divided by h?
3
Suppose 18*n + 9 - 945 = 0. What is the remainder when n is divided by 30?
22
Suppose -3070 = -464*w + 459*w. What is the remainder when w is divided by 77?
75
Calculate the remainder when 182 is divided by (5 + 38/(-3))/((